te 16 + -14 - (0 - -9).
-7
Calculate 2 + 0 + (3 - -3) + -5.
3
What is 3 + -6 + 0 + 1 - -7?
5
What is the value of 3 + -1 - (-6 + 10)?
-2
Evaluate (-7 - (6 + -13) - 1) + 9.
8
Calculate -9 - -1 - (20 + (5 - 25)).
-8
1 + 1 - (18 + -13)
-3
Calculate 1 + (-5 - -3) + 1.
0
(-3 - 0) + -36 + 26 + 7
-6
Calculate -4 - -2 - (-2 + 4 + -5).
1
What is the value of (-16 - -6) + 7 + -3?
-6
What is the value of (-1 - 1) + 2 - (-24 + 22)?
2
What is the value of (-5 - ((-6 - -4) + -3)) + 1?
1
4 + (2 - 10 - 0)
-4
Calculate (-14 - -20 - (10 + -1)) + 3.
0
Evaluate (-8 + 5 - 0) + (3 - -1).
1
-3 - (-4 + 7 + -3)
-3
Calculate 3 + -5 + (-2 - -5).
1
Calculate (-4 - 5) + 9 + 2 - -4.
6
Calculate (-2 - 8 - -14) + -4 + 6.
6
(-6 + 3 - 0) + 5 + 4
6
Calculate (7 - -1) + (-11 - 0).
-3
-2 + 5 + 10 + -4
9
What is the value of -5 + -3 + (6 - 3) + 1?
-4
Evaluate -2 + (7 - (9 + -1)).
-3
Calculate (-8 - -5) + 4 - 2.
-1
What is the value of -2 + -1 + 7 - (-2 - -8)?
-2
What is (1 - -5) + (9 - 9 - 11)?
-5
What is 0 + 5 - (6 - 7)?
6
What is the value of 8 + -14 + (6 - 1)?
-1
What is the value of -2 + (4 - 6) - (1 - 6)?
1
76 - 77 - (-10 - -1)
8
4 + -1 + -1 + 4
6
What is 0 - (3 + -6 + 13 + -3)?
-7
Evaluate -1 + 1 + (4 - 4) + -2.
-2
What is -1 - (6 + (-5 - 0)) - 1?
-3
What is the value of -1 + 2 + (-1 - -4) + -3?
1
What is the value of (0 - -2) + (-6 - -9) + -7?
-2
Calculate (-8 - -3) + 0 + 9.
4
What is the value of -5 + (7 - 2) + 2?
2
What is 0 + -5 - (-11 + 1)?
5
Calculate (2 - (-5 - -1)) + -1.
5
What is the value of 0 + (-4 - (-6 - -3))?
-1
-5 + (10 - 15) + 3
-7
Evaluate -3 + (-2 + 5 + -6 - 0).
-6
What is the value of -3 + 1 + -7 + 3 + 8?
2
What is -4 - (-5 + 1) - (-1 - 4)?
5
What is (4 - -2) + (-4 - -1) + 2?
5
What is -3 - 3 - (-9 + 0)?
3
Calculate -2 + (-3 - -4) - (2 - -2).
-5
Calculate (-6 - 1) + (-14 + 2 - -16).
-3
(-2 - 3) + -24 + 25
-4
What is the value of (2 - 2) + (-3 - -2)?
-1
What is the value of (-16 - -9 - -1) + (1 - -3)?
-2
What is -30 - -20 - (3 - 18)?
5
Calculate (4 - 1) + 4 - 4.
3
Evaluate 1 + -1 + 1 + -2 - 2.
-3
Evaluate (1 - 4) + -11 + 16.
2
(1 - -2) + -4 + -4 + 3
-2
Calculate 8 + -1 + -12 + 8.
3
(-58 - -53) + (-1 - 1 - -2)
-5
Evaluate 3 + (0 + 2 + -5 - -2).
2
(-9 + 7 - 5) + 1
-6
What is the value of -1 + (0 - -7) + (-44 - -40)?
2
64 + -62 + -3 + 0 + 1
0
What is 81 + -88 - (-13 - -1)?
5
What is the value of (2 - (-4 - -5)) + -4 + 2?
-1
What is the value of 2 + 5 + -2 + 0?
5
(0 + -3 - 6) + (6 - 2)
-5
Evaluate 9 - ((-7 - -6) + 9).
1
Calculate -2 + (6 - 12) + 5.
-3
(-6 - -3) + 8 - 2
3
What is 3 + (-5 - (5 - 8))?
1
What is 3 + 0 + -3 + -9 - -4?
-5
Calculate (-5 - -2) + -5 + 6.
-2
Evaluate (11 - (8 + -2)) + -3.
2
4 + (-9 - 3) - -7
-1
What is (-5 - 0) + (-3 - -4)?
-4
Evaluate 2 - (-5 - (-6 + 2)).
3
What is -4 - (1 - (-1 - -1))?
-5
What is the value of 0 - (4 + (6 - 6))?
-4
Evaluate -3 - (0 - (-2 - -4)).
-1
What is 10 - (0 - -9 - -1)?
0
Calculate -1 + (3 - 12 - -8).
-2
What is the value of 56 + -54 - (7 + 1) - -4?
-2
What is the value of -4 - -3 - (2 + 5 + -3)?
-5
Evaluate (14 - 7) + (-6 - 5) + -4.
-8
2 - (0 + 1 - -1)
0
What is 49 + -53 - (-1 - (0 - 2))?
-5
What is the value of -5 - -1 - (-2 + -3)?
1
Evaluate 2 + (-4 - (0 - 1)) + -4.
-5
Evaluate 7 + ((-8 - -4) + -2 - -3).
4
What is the value of (7 - 1) + -4 + -2 + -1?
-1
What is the value of -5 + (-9 + 4 - -15) + -3?
2
Calculate 5 + -18 + (3 - -5).
-5
-2 - -5 - (-2 - -1) - 1
3
Evaluate 4 - (7 - (3 + 0 + 1)).
1
What is -1 - -6 - (-3 - -13)?
-5
Evaluate -9 + (-4 + -4 - -16).
-1
Calculate -1 + (2 - 5) + (8 - -1).
5
Calculate 1 - ((7 - 4) + 0).
-2
Calculate -2 + 0 + -3 + 1 - -1.
-3
What is (4 - 1 - 2) + -7 + 3?
-3
What is the value of 0 + -1 - (2 + -1 - -1)?
-3
What is the value of 8 + (3 - (-2 + 11 + -3))?
5
Evaluate -2 - -3 - (17 + -23).
7
What is 0 - 13 - (-146 - -135)?
-2
What is 0 + 9 - (-9 + 2 - -11)?
5
What is the value of 0 + (-4 + 0 - -9)?
5
Evaluate 4 + 12 + -12 + -12.
-8
What is -2 - (-9 + 2) - (0 + 1)?
4
What is (0 + 1 - -2) + -14 + 6?
-5
What is -1 + 8 - (8 - -4)?
-5
What is (1 - 0) + -4 + (20 - 14)?
3
(0 - -3 - 3) + 3 + 1
4
Calculate (0 + 3 - (10 - 5)) + -1.
-3
What is the value of (-1 - -2) + 0 - 0 - -1?
2
What is the value of -10 - (-2 + (0 - 5))?
-3
4 + -4 + (-4 + 8 - 3)
1
What is the value of -1 + 2 + 5 + -4 - -2?
4
What is -29 + 32 - (-1 - 1 - -2)?
3
What is the value of 0 + (8 - 10) - (1 - 2)?
-1
-5 - -5 - (-1 - 0) - 0
1
What is (93 - 90) + 0 + 0 + 0?
3
Evaluate 9 - 11 - (2 - 9).
5
Evaluate 4 + (-2 - 5) + (-1 - -5).
1
What is -12 + (7 + -12 - -22)?
5
-2 - (16 + -4 + -6)
-8
Calculate -1 - (1 - (2 - 2)).
-2
What is the value of -2 - ((-41 - -46) + 2 + 0)?
-9
What is (1 - (3 + -1)) + 1 + 2?
2
-5 + 2 + 1 - 2
-4
What is the value of 6 - (-5 - (6 - (-4 + 14)))?
7
Evaluate (-8 - (-3 - 0) - 0) + 6.
1
Calculate 2 + (0 - -1) + 1.
4
What is 6 - (-1 - -9 - 5)?
3
Calculate (10 - (8 + 1)) + 5.
6
What is -5 - 0 - (-42 - -35)?
2
What is 24 + -14 + (-1 - 15)?
-6
What is the value of 0 - (4 + -8 + (-4 - -5))?
3
What is the value of -1 + -4 + 1 - -3?
-1
-1 - 4 - (6 - 6)
-5
What is the value of (-4 - -4) + -5 + (-1 - -2)?
-4
What is (2 - 3) + 3 - (-2 + 0)?
4
Evaluate 5 + -14 - (3 + (0 - 13)).
1
Calculate 4 + ((0 - 2) + -1 - 2).
-1
What is the value of -8 + 4 - 0 - -4?
0
Evaluate 6 - ((-27 - -32) + (-1 - 1)).
3
What is the value of (13 - 5) + -9 + 8?
7
Evaluate -2 - -8 - (46 + -37).
-3
What is the value of -8 + 9 + 4 + -1?
4
What is the value of 2 - (9 - 9 - (-2 - 0))?
0
-7 - -5 - (-5 + -1)
4
Evaluate 0 - 0 - ((1 - 3) + 4).
-2
What is -3 + -7 + 0 + 6 + -3?
-7
-24 - (-11 + 8 + -11)
-10
Evaluate -10 + 9 - (0 + 2) - 0.
-3
What is the value of -3 + (1 - (-2 - (0 + -6)))?
-6
Evaluate -2 + (3 - 0) + -8 + 11.
4
Evaluate 9 + (-5 - (4 - (1 - -3))).
4
(-4 - (2 + (-1 - -3))) + 2
-6
-1 + -1 - (-1 + 3 + -3)
-1
What is (-6 - -2) + -2 + 1 - -6?
1
What is 0 + -1 + (-5 - -4) + 4?
2
(10 - (4 + 1)) + 0 - 5
0
-2 + 4 + 2 + (1 - 1)
4
-9 + -2 - (34 + -39)
-6
(-16 - -4 - -7) + 9
4
Calculate (0 - 0) + -1 + 4.
3
What is the value of (0 - (0 + (5 - 5))) + 6?
6
-18 - -20 - (3 + -1 - -3)
-3
What is 10 - -1 - (4 - 0 - -1)?
6
What is -11 - (-6 - (-9 - -9))?
-5
What is the value of 10 + -6 + (-7 - -2)?
-1
-17 + (23 - 10) + (3 - 0)
-1
3 + -7 + -3 + 12 + -12
-7
What is the value of -4 - 3 - -4 - (-1 - 2)?
0
Evaluate 1 - (7 - (0 + 4)).
-2
Calculate -6 + (9 - 6 - 1).
-4
Evaluate 11 + (-18 - -5) + 6.
4
What is the value of (2 - (6 + -3 - 3)) + -1?
1
What is 0 + 7 - (16 - (-3 - -17))?
5
What is (-1 - 0) + (7 - 10)?
-4
What is the value of -5 + 10 + -5 + 2 - 2?
0
Evaluate 0 - 6 - (-6 + (-1 - -2)).
-1
Evaluate 3 + (1 + -1 - 3) - 3.
-3
0 + 4 + 0 + -4 + 2
2
(0 - 1) + -1 - -1
-1
What is (8 - 11) + (7 - 2) - 3?
-1
(1 - 1) + 6 + -12
-6
What is the value of (1 - (-6 - 0)) + -4?
3
What is the value of (0 - 3) + 0 - (2 - 2)?
-3
Evaluate -5 - (4 + (-4 - 1) + -3).
-1
Calculate 3 + -4 - (-8 + 4).
3
Calculate 77 + -73 + (-1 - (1 - 2)).
4
What is 2 + 2 + -7 + 1?
-2
What is -5 + 2 + -1 + -4 + 0?
-8
What is the value of 9 + -4 + 0 - 9?
-4
(-7 - 4) + 5 - (-1 + -3)
-2
Calculate -1 + 0 + -3 + 4 + -4.
-4
Calculate 5 - (-10 + -6 + 14).
7
What is (-5 - (-1 - 0)) + 0?
-4
4 - (-3 + (1 - -10))
-4
What is the value of 1 - 5 - (-5 + 4)?
-3
Evaluate (-6 + 8 - 8) + 3.
-3
What is (-43 - -33) + (0 - -4)?
-6
What is the value of 0 - (-7 + 5 + (7 - 5))?
0
What is -14 + 11 + -1 + 5?
1
(6 - 2) + -6 - 5
-7
What is -1 + 0 + 5 + -6 + -1?
-3
What is the value of -4 - (-1 - (2 - 0)) - -2?
1
What is the value of 74 - 74 - ((0 - 0) + -1)?
1
(2 - 12 - -7) + 11
8
24 + -32 + (-2 - -5)
-5
Calculate 14 + -1 - (84 - 73).
2
Evaluate 1 - (-1 - -7 - 2).
-3
-4 + -1 + -5 + 8
-2
What is (1 - 7) + (-8 + 13 - -2)?
1
What is the value of -8 + (6 - (5 - (4 - 1)))?
-4
Calculate (-9 - -2) + 6 + (3 - -1).
3
What is 2 - (-12 - -3) - 4?
7
Evaluate -2 + 0 + -6 + 6.
-2
What is (1 - 6) + (-3 - -3) + 9?
4
Calculate (-2 - 3) + (4 - 4).
-5
What is 5 + -2 - (7 + -4)?
0
-3 + -2 + -1 + 7
1
What is the value of 4 + (1 - 1) - (0 - 3)?
7
Evaluate 6 - (6 - 1) - -2.
3
What is 1 + 9 + -2 + -5 - -1?
4
What is the value of (-1 - 1) + 1 - (-7 + 1)?
5
What is the value of 13 + -28 + 12 + 7 + 0?
4
Evaluate 2 + -5 + -2 + 7.
2
(12 - (11 + 6)) + (8 - 1)
2
Evaluate 1 + (-2 - (3 + 5 + -4)).
-5
-4 + 0 + 1 + (1 - 2)
-4
Calculate (-3 + 2 - 4) + 7.
2
-18 - 